 4062 - -6785. What is the ten thousands digit of r?
1
Let d = 188 - 185. Let v be 1/1*0 - -2. Suppose d*x = v*x + 126. What is the hundreds digit of x?
1
Let r = -25 - -7. Let t be ((-24)/r)/(4/(-150)). What is the tens digit of (-147)/(-5) + 20/t?
2
Let f = -362 + 363. Suppose 0*j = 4*j - 4, -4*j + 34 = -2*k. What is the hundreds digit of k*((-292)/16 + f/4)?
2
Suppose 0 = -2*m - 4*t - 10, -4*m + 5 = -m + 2*t. Suppose 5*y + c - 2104 = 0, -2*c - 412 = 4*y - m*y. What is the tens digit of y?
2
Let h = -1007 + 9972. What is the tens digit of h?
6
Suppose -84*w = -87*w - 201. Let a = w + 345. What is the hundreds digit of a?
2
Suppose -274*w - 67983 = -2*q - 277*w, 2*q - w = 68003. What is the thousands digit of q?
3
Let o = 6671 - 6677. Suppose -4*i - i = 2170. What is the units digit of o/4*i/3?
7
Let z = 6 + -2. Let d(s) = s**3 - 2*s**2 - 4*s + 12. Let l be d(3). Suppose 3*u = l, 7*b = 8*b + z*u - 24. What is the units digit of b?
2
Let r(t) = -2*t**3 + 98*t**2 - 132*t - 182. What is the tens digit of r(41)?
0
Suppose 181*p + 37*p - 2529018 = 0. What is the ten thousands digit of p?
1
Let j(f) = 32*f + 13. Let y be j(-3). Let p = y + 33. What is the units digit of 5/(p/(-285))*16/3?
2
Let w = 26056 - 14933. What is the tens digit of w?
2
Let s(c) = c**2 + 12*c - 62. Suppose -33*b + 26*b - 224 = 0. What is the hundreds digit of s(b)?
5
Let x(c) = -2*c**2 - 20*c - 53. Let d(k) = k**2 + 10*k + 27. Let z(t) = -5*d(t) - 3*x(t). Let n be z(-9). Let q(m) = -2*m + 54. What is the units digit of q(n)?
4
Let c(s) = -5*s**3 - s**2 - 3*s - 2. Let l be c(-1). Suppose -l*p - 4 = 6. What is the tens digit of (p + 14/4)*54?
8
Let v = 15496 + 5236. What is the thousands digit of v?
0
Suppose -5*t + 16 = -3*r, -5*t + r = -0*r - 22. What is the units digit of 994 + ((-5)/t - -1)?
4
What is the tens digit of ((-2)/6)/(26/(-468)) + 20256?
6
Suppose d - 3 = -5, -h - 2*d = 1778. What is the hundreds digit of h/(-1) - (18 + -11)?
7
Suppose -50*g - 53 + 153 = 0. Let r(k) = k**2 - 4*k - 1. Let o be r(5). Suppose 0 = -5*b + 3*b + g*s + 20, o*s = -4*b + 48. What is the tens digit of b?
1
Let l(w) = -3*w**3 + 28*w + 202. What is the units digit of l(-11)?
7
Suppose -8*b + 63 = -377. Let x = b - -91. What is the tens digit of x?
4
Suppose 0 = -3*c - 180 + 324. Let u(p) = -39*p**2 - p. Let q be u(1). What is the units digit of (c/q)/(6/(-280))?
6
Let l = 5704 + 3829. What is the units digit of l?
3
Let n(j) = 102*j**2 + 94*j + 371. What is the tens digit of n(-4)?
2
Let x(b) = 102*b + 36. Let u be x(4). Let t = -303 + u. Let d = 281 - t. What is the units digit of d?
0
Let t = -2760 - -1843. Let u = t - -1405. What is the units digit of u?
8
Let w(z) = -1145*z - 882. What is the thousands digit of w(-6)?
5
What is the thousands digit of 33/(-22)*-1*15952/12?
1
Suppose -c + 12*m = 14*m - 4757, -2*m = -c + 4769. What is the tens digit of c?
6
What is the tens digit of 401799/45 + (-4)/(-30)?
2
Let v be 0/(-1 + 3 + 0). Suppose -4*r - 5*i + 2604 = v, 0 = r + 4*r - 2*i - 3288. Suppose -5*f + r = -274. What is the units digit of f?
6
Let f = -749 - -561. Let n = -92 - f. What is the tens digit of n?
9
Suppose -409 - 7 = -8*t. Suppose 0 = t*b - 50*b - 1466. What is the units digit of b?
3
Suppose 5*j + 4*c = 31626, -j - 3*c + 6331 = -8*c. What is the hundreds digit of j?
3
Let c(r) = 3*r**3 + 5*r**2 + 9*r + 22. Let d be c(-2). Let b be (4/6)/(4/12). Suppose 3*q + 18 = 4*v - 572, d = b*v - 4*q - 290. What is the tens digit of v?
4
Suppose 0 = i - 0*i - 11*i + 9720. What is the tens digit of i?
7
Suppose 0 = -5*m - v + 95, 7*m = 12*m - v - 85. Suppose -3*z + m + 1914 = 0. What is the tens digit of z?
4
Suppose 0 = 3*n + 3*i - 33153, 3*i + i = 3*n - 33118. What is the tens digit of n?
4
Let o be ((-40)/12 + 4)*-6. Let x = -111 - -325. What is the hundreds digit of x + 6*2/o?
2
Suppose 0 = 83*p - 84*p + 4. What is the hundreds digit of 3 + p/(-7 - -5) + 890?
8
What is the ten thousands digit of (-60798)/(-5) - (296/(-40) - -6)?
1
Let t(l) = -689*l - 975. What is the units digit of t(-13)?
2
Suppose -1390645 = -20*v - 245133 + 93868. What is the thousands digit of v?
1
Suppose 3*h = -4*m + 5, -3*m - 4*h - 15 = -2*m. Suppose -5*w - f = 47, -13 - 13 = 4*w - m*f. Let s(k) = 2*k**2 + 7*k - 12. What is the tens digit of s(w)?
8
Let k = 1495 - -971. Suppose 0 = 18*c - k - 1674. What is the units digit of c?
0
Suppose -26*w + 12 = -22*w. Suppose 0 = -w*u + 4*u + 3, 0 = -2*g - 5*u + 769. What is the units digit of g?
2
Let n(y) = -628*y - 272. What is the ten thousands digit of n(-34)?
2
Let m = -15030 - -38264. What is the ten thousands digit of m?
2
What is the hundreds digit of 296*1*(-11259)/(-324) - -10?
2
Let d = -3582 - -7643. Suppose 60*l - 29*l = d. What is the units digit of l?
1
Suppose 6*d - 10*d + 15497 = x, d + 3*x = 3888. What is the tens digit of d?
7
Let p(q) be the third derivative of -103*q**4/24 - 2*q**3/3 - 2*q**2 - 9*q. What is the hundreds digit of p(-3)?
3
Let s = -348 + 5744. What is the thousands digit of s?
5
Let q(l) = 15*l + 120. Let g be q(-6). What is the units digit of 975 - (8/(-10))/(4/g)?
1
Let o(u) = 60*u - 986. What is the units digit of o(18)?
4
Let r = 30605 + -16624. What is the thousands digit of r?
3
Let c = 578 - 288. Suppose 2*z = 7*z - c. Suppose -u + 196 = z. What is the hundreds digit of u?
1
Suppose -28460402 + 3382852 = -425*w. What is the ten thousands digit of w?
5
What is the tens digit of ((-1809)/(-1206))/(1/11258)?
8
What is the thousands digit of 4 + 3/3 + 1*(7184 - -7)?
7
Let d(n) = 427*n**2 + 141*n + 2. What is the hundreds digit of d(2)?
9
Suppose -2*o = 4*a - 18, 3*o = 4*a + 8*o - 33. Suppose -a*b = 2*k - 1854, -2*b + 5*b = 2*k - 1859. What is the hundreds digit of k?
9
Let m(j) = j**3 + 22*j**2 - 24*j + 24. Let a be m(-23). Let f = a - 161. What is the tens digit of (-6)/(-1)*f/(-9)?
7
Suppose -82258 - 81074 = -26*n. What is the thousands digit of n?
6
What is the tens digit of (-187567)/106*((-24)/20)/((-1)/(-5))?
1
Let r(n) = -3*n + 18 - 32*n - 27 - 37. What is the hundreds digit of r(-17)?
5
What is the thousands digit of 208/468*(-9)/2 + 4902?
4
What is the hundreds digit of (3640/336)/((-1)/(-2796))?
2
Let s(i) = i**2 - 5*i + 10. Let f be s(5). Suppose -32*c + f*c = -1584. What is the tens digit of c?
7
Let o(i) = 6*i**3 - 454*i**2 + 162*i - 38. What is the tens digit of o(76)?
2
Suppose 20*n - 14*n = 666. Let j = 123 + n. What is the units digit of j/3 + 1 + 3?
2
Suppose 9*k = -0*k - 15*k + 12240. What is the units digit of k?
0
Suppose 49 = 2*t + 17. Suppose 0 = -7*x + t*x - 4302. What is the hundreds digit of x?
4
Let p = -79 + 281. Suppose 4*z + 2*j - p = 0, -z + 5*j + 0*j + 45 = 0. What is the tens digit of z?
5
Let n = 2035 + -1090. Let r = -412 + n. What is the units digit of r?
3
Let h = 26 + -189. Let y = h + 270. What is the units digit of y?
7
Let x = 55 - 15. Suppose 0 = 2*r + 6*r - x. Suppose r*l - l = 188. What is the units digit of l?
7
Let z be (-1611)/(-36) + 2*3/24. What is the hundreds digit of 7 - 325/z - (-13396)/18?
7
Let f(t) = 17 + t - 2*t + 0. Let p be f(12). What is the tens digit of 238/p*1 - 58/(-145)?
4
Suppose 5*c + 7 + 3 = 0. What is the tens digit of 9360/27 + c/(-6)?
4
What is the hundreds digit of 100/(-350) - 85795/(-35)?
4
Suppose 3*p = s + 4*p - 7487, -s = -p - 7487. What is the hundreds digit of s?
4
Suppose 3*l + 4*u + 276 = 6*l, 4*u = -l + 108. Let r = 390 - l. What is the hundreds digit of r?
2
Let a be (-290 - 10)*22/(-6). Let g = -395 + a. What is the tens digit of ((g/4)/(-5))/((-3)/8)?
9
Let q(j) = -4*j**3 - 19*j**2 + 30*j + 12. What is the thousands digit of q(-17)?
3
Suppose 62 + 18 = 16*f. Suppose 0*s + 293 = s - q, -f*s = 3*q - 1505. What is the tens digit of s?
9
Suppose 2*g + 5*c = -16, 4*c + 11 - 3 = -4*g. Suppose 4*x - g*o = o + 2423, 4*o + 1204 = 2*x. What is the tens digit of x?
0
Let v(q) = 274*q**2 - 225*q - 1597. What is the units digit of v(-8)?
9
Suppose 0 = -3*h - 3*o + 3, 12*o + 9 = 9*o. Let u(c) = 7*c**3 - 11*c**2 - 4*c - 1. What is the units digit of u(h)?
5
Let l = -131 - -134. Suppose 3*i - 3*f = 6*i - 996, l*i = 4*f + 996. What is the units digit of i?
2
Let x be ((-1)/(3/10))/((-15)/90). Let l = -15 + x. Suppose 0 = -3*p - l*w + 28, -w - w + 20 = 2*p. What